+ -201021102?
-201212101
In base 10, what is 1 - 220779685?
-220779684
In base 13, what is -14851032 + 8?
-14851027
In base 3, what is 2201002002122 - 1?
2201002002121
In base 2, what is 10 + -11100011010111100010010?
-11100011010111100010000
In base 15, what is 126d7 - -15c0?
13ca7
In base 11, what is -1020917 - -26?
-10208a1
In base 16, what is -18e1b + -f9?
-18f14
In base 16, what is -1581da - 117?
-1582f1
In base 4, what is 0 - -100120032023?
100120032023
In base 11, what is -173 + -3568?
-3730
In base 7, what is 1014 - -4625?
5642
In base 11, what is -17a418 - 180?
-17a598
In base 6, what is -2555534321 + -12?
-2555534333
In base 16, what is -3618ca + 1d?
-3618ad
In base 14, what is 7 - -2a120b?
2a1214
In base 10, what is -561 - -47?
-514
In base 9, what is 4 + 14646148?
14646153
In base 8, what is -3 - 21343776?
-21344001
In base 6, what is 4410 - 351?
4015
In base 12, what is 2b981 + -43?
2b93a
In base 12, what is 32a349 - 20?
32a329
In base 15, what is -2 - -48c6bd?
48c6bb
In base 11, what is 10835a5 - 3?
10835a2
In base 3, what is 122 - 1222011012?
-1222010120
In base 12, what is 15a9 - 2405?
-a18
In base 15, what is -5 + -91757e?
-917584
In base 7, what is -4 - 602414151?
-602414155
In base 13, what is -30610 - -3ca?
-30213
In base 12, what is -a3 + 2a6a4?
2a601
In base 11, what is -8 - -3640595?
3640588
In base 14, what is -4c + -56920?
-5696c
In base 16, what is 9e4 - -373?
d57
In base 16, what is 4 - a875df?
-a875db
In base 6, what is 25 + 2003441?
2003510
In base 12, what is 7a8b - 177?
7914
In base 7, what is -4 + -55540425?
-55540432
In base 15, what is -1 + 5dee7d3?
5dee7d2
In base 10, what is -2708 + -351?
-3059
In base 2, what is 10000100101101 - 100000000110?
1100100100111
In base 9, what is -423 - 603245?
-603668
In base 13, what is -522952 - -1?
-522951
In base 11, what is 15 + 107848?
107862
In base 14, what is -d3486 + -501?
-d3987
In base 5, what is 2 - -14132013300?
14132013302
In base 7, what is 114006 - 3454?
110222
In base 12, what is 1669 + b?
1678
In base 8, what is 27 - -465571?
465620
In base 2, what is 10011011110111 + 1100100010?
10101000011001
In base 15, what is -eb + 16787?
1668b
In base 4, what is -13100 + -21022?
-100122
In base 5, what is 1302 + 43003?
44310
In base 15, what is -ecbb - -11?
-ecaa
In base 2, what is 1100110100100111000101100 + -1?
1100110100100111000101011
In base 16, what is -368f62 - -5?
-368f5d
In base 9, what is 685 - -6183?
6878
In base 6, what is -202453335 + -20?
-202453355
In base 9, what is 17780 - 455?
17324
In base 12, what is -114 - -4a7876?
4a7762
In base 16, what is -3657ca + 4?
-3657c6
In base 5, what is -24 + -412330303?
-412330332
In base 9, what is 12 - 642361?
-642348
In base 5, what is 12101 - -1133442?
1201043
In base 5, what is 42024 - -43411?
140440
In base 13, what is 3a210569 + -3?
3a210566
In base 13, what is b1242 + 14?
b1256
In base 6, what is 454422040434 + 3?
454422040441
In base 11, what is -65107 + 68?
-6504a
In base 3, what is 12221012111020 - -12?
12221012111102
In base 16, what is -6 + 66c45?
66c3f
In base 9, what is -3 + -130430451?
-130430454
In base 7, what is -5 + 24244124?
24244116
In base 5, what is -14122113414 - -4?
-14122113410
In base 8, what is 476325476 - -4?
476325502
In base 11, what is -110 + 426500?
4263a0
In base 4, what is -3010 + 23221212132?
23221203122
In base 16, what is 13ff8b2e + -4?
13ff8b2a
In base 2, what is 1000111101010001000 - 110000?
1000111101001011000
In base 12, what is 248a9 + -231?
24678
In base 13, what is 5 + 3636bb1?
3636bb6
In base 9, what is 231500875 - 3?
231500872
In base 13, what is -ac4bb6 + 2?
-ac4bb4
In base 5, what is 4200332 + -13403?
4131424
In base 11, what is 15 - 15125638?
-15125623
In base 16, what is 191e38 + -6?
191e32
In base 16, what is -1 - -5f4b78?
5f4b77
In base 3, what is 22210100 + -111222220?
-12012120
In base 12, what is 61103 + -61?
61062
In base 11, what is 46a4 + -6055?
-1461
In base 3, what is -212202 - -2211022121?
2210102212
In base 5, what is -2 - -1134224323?
1134224321
In base 13, what is 952 + 2220?
2b72
In base 3, what is 1121 + 11022022221?
11022101112
In base 14, what is -4 + 306b98?
306b94
In base 16, what is 3af - 299e8?
-29639
In base 4, what is -213122212 + 212?
-213122000
In base 9, what is 7086 + -73724?
-65627
In base 12, what is 775 + -3b892?
-3b119
In base 4, what is 130 - -221133300?
221200030
In base 15, what is 11e6 - 15c76?
-14a80
In base 16, what is -2785 - -27?
-275e
In base 9, what is -60 - 105325?
-105385
In base 4, what is -21310002033 - -1223?
-21310000210
In base 13, what is 1 - 383c95?
-383c94
In base 3, what is 221122012 + 10021122?
1001220211
In base 16, what is e2c9 + -23e?
e08b
In base 15, what is -11d - -b4b9?
b39b
In base 11, what is -752876 - -30?
-752846
In base 14, what is 29 + -64c87?
-64c5c
In base 4, what is 10 - 3221133200?
-3221133130
In base 13, what is -1 + 2b85c60?
2b85c5c
In base 6, what is -14451 + 24502?
10011
In base 12, what is -8 + 70601b?
706013
In base 10, what is 193 + 21994?
22187
In base 6, what is -34301510 - -311?
-34301155
In base 11, what is -1 + 86a27999?
86a27998
In base 7, what is -504150015 + -24?
-504150042
In base 13, what is -17a - -872a6?
87129
In base 4, what is -203232021021 - 113?
-203232021200
In base 12, what is -4 + -1369056a?
-13690572
In base 13, what is -12b478c + 4?
-12b4788
In base 2, what is -1011101111101000 + 101100010001100?
-110001101011100
In base 12, what is -19 + 866b49?
866b30
In base 13, what is 103645c + 54?
10364b3
In base 2, what is 111001001011100001111 - -1?
111001001011100010000
In base 7, what is -6 - -6051662?
6051653
In base 6, what is -204 + -1210550?
-1211154
In base 16, what is -14b - 212e?
-2279
In base 10, what is 18 + 635888?
635906
In base 10, what is 28492 + 180?
28672
In base 10, what is 21 - -205213?
205234
In base 7, what is -2625 + 1132?
-1463
In base 4, what is 2213303222001 + -11?
2213303221330
In base 14, what is -3d484da + 5?
-3d484d5
In base 4, what is 10332131 - 202?
10331323
In base 9, what is -35040776 - 11?
-35040787
In base 6, what is -3 + -35352155201?
-35352155204
In base 2, what is -101011110 - 1111100011100?
-10000001111010
In base 6, what is 42132410042 - 3?
42132410035
In base 6, what is -235202210 - -5?
-235202201
In base 10, what is -2016 - -159923?
157907
In base 11, what is -8033 + 29720?
21698
In base 13, what is -1454 - -5035?
38b1
In base 14, what is 2 + aab9074?
aab9076
In base 7, what is 3322651 - 4?
3322644
In base 8, what is 71 + -514611?
-514520
In base 6, what is -5223221 + -2100?
-5225321
In base 13, what is -103b869 - 0?
-103b869
In base 9, what is 220103 - 341?
218652
In base 16, what is -bb09a + -38?
-bb0d2
In base 12, what is -b71a1732 - 1?
-b71a1733
In base 15, what is 6d10 + 30e?
711e
In base 3, what is -11112020122 + 221000?
-11111022122
In base 14, what is 71 - -7c92c?
7c99d
In base 7, what is -3312 - 1140021?
-1143333
In base 10, what is -1718176 + -4?
-1718180
In base 12, what is 2 - 349458?
-349456
In base 15, what is -467 + 33bb?
2e54
In base 12, what is -a + 9408a9?
94089b
In base 8, what is 71537431 - 2?
71537427
In base 13, what is 5 - -520160?
520165
In base 14, what is -6d53 - -ba?
-6c77
In base 13, what is 4c67c8a3 + 2?
4c67c8a5
In base 2, what is -111101 + -11111010000111001101?
-11111010001000001010
In base 5, what is 132204134 + -11222?
132142412
In base 12, what is 5 + -399834?
-39982b
In base 5, what is 12341300 + 402?
12342202
In base 14, what is -529 - 19643?
-19b6c
In base 13, what is 1c3 - -12a7b1?
12a9a4
In base 13, what is 10 - -211817?
211827
In base 14, what is -36688 + -d7?
-36781
In base 13, what is -329b + 433?
-2b68
In base 6, what is -430 - 3153343?
-3154213
In base 15, what is 31 - -3e47ab?
3e47dc
In base 12, what is 4955 - -b0a4?
13a39
In base 12, what is -45601491 + -4?
-45601495
In base 6, what is 0 + 5050024142?
5050024142
In base 12, what is 733b44 + -19?
733b27
In base 5, what is 10120 - -34134223?
34144343
In base 2, what is -11010001010011111 + 100001110?
-11010000110010001
In base 5, what is 13211042 + 311?
13211403
In base 7, what is 4 + 1620325?
1620332
In base 5, what is -300424 + 2043221?
1242242
In base 10, what is -16 + 743326?
743310
In base 14, what is -bc5a89 + 8?
-bc5a81
In base 13, wha